atest common factor of 2 and m?
2
Suppose 3*o = -o - 36. Let f(q) = -q**3 + 9*q**2 - 10*q + 6. Let l be f(8). Let i be (l/(-6) + -3)*o. What is the greatest common factor of i and 84?
12
Let a(b) = -b**2 - 2*b - 1. Let u be a(-2). Let i = u - -11. Suppose -2*m + 5 + 1 = z, 2*z = m - 8. Calculate the greatest common divisor of m and i.
2
Suppose -11*o + 14*o - 30 = 0. Calculate the highest common divisor of 10 and o.
10
Let a(q) = -q**3 + 6*q**2 - 3*q + 10. Let v be a(4). Suppose 3*u - 595 = -5*m + 405, -u + 322 = -4*m. Calculate the greatest common divisor of u and v.
30
Let r be (5/1)/(-1 - (-21)/18). Suppose -4*m = -4*w - 40, -3*w - 7 = -2*m + 13. What is the highest common factor of r and m?
10
Let s(p) = -7 - 3*p + p - 3*p. Let g(f) = -14*f - 20. Let h(l) = 3*g(l) - 8*s(l). Let o be h(-6). What is the highest common factor of o and 12?
4
Let d = -7 + 6. Let o be (2 - d)*(-10)/(-2). Calculate the highest common divisor of 3 and o.
3
Let v(u) = -u**3 + 7*u**2 + u + 1. Let g be (-4)/14 - 408/(-56). Let s be v(g). Calculate the greatest common factor of s and 2.
2
Let m(j) = 6*j**2 - 4*j - 1. Let v be m(-3). What is the highest common factor of 39 and v?
13
Suppose 16 = 6*f - 2*f + 2*t, 5*f + 3*t - 20 = 0. Let m(q) = -q**2 - 9*q. Let x be m(-8). Calculate the highest common divisor of f and x.
4
Suppose -5*q = 3*j - 29, -2*j - q + 4 + 6 = 0. Let g(v) = 3*v - 4. Let z be g(4). Let u be ((-54)/(-24))/(2/z). What is the highest common divisor of j and u?
3
Let c be -2 + (-2 + 4 - -18). Calculate the highest common factor of 6 and c.
6
Suppose 4*i + 5*y - 3241 = 0, -5*y + 32 - 7 = 0. Suppose 5*m - i = -2*l, 0*m - 5*l - 150 = -m. What is the highest common divisor of 20 and m?
20
Suppose 0 = -4*f + 10 + 6. Suppose -2*y - f*q = -38, 3*q - 26 = -2*y + 2*q. Let w(r) = 4*r - 7. Let c be w(10). What is the highest common factor of y and c?
11
Let l = 59 + -17. Let o be ((-9)/(-3) - 5) + l. Let r be 15*-1*1/(-3). Calculate the highest common factor of r and o.
5
Let g be 65 - (1 + (0 - 2)). Let t(o) = 3*o. Let i(c) = -c**3 - 2*c**2 + 2. Let u be i(-2). Let k be t(u). What is the highest common factor of g and k?
6
Let b(u) = 6*u + 10. Let n(s) = -2*s - 3. Let c(t) = 4*b(t) + 14*n(t). Let d be c(-4). What is the greatest common factor of 126 and d?
14
Let s = -18 - -20. What is the highest common divisor of s and 20?
2
Let c(h) = -2 + h - h**3 + 3*h + 6 + 3*h**2. Let b be c(4). Let v(k) = -31*k + 1. Let i be v(-1). What is the highest common divisor of b and i?
4
Let w = -19 - -43. Suppose -5 - 4 = -3*q. What is the greatest common divisor of w and q?
3
Let v be 172/10 - ((-28)/35)/(-4). Calculate the highest common factor of v and 17.
17
Suppose -5*g + g = -16. Suppose -g*h + 36 = u - 47, 0 = -3*h - 2*u + 61. Suppose 0*j + h = 3*j. Calculate the highest common divisor of 1 and j.
1
Let s be -1 + 0 - (-21 + 4). Suppose 2*r + 2*r - s = 0. Calculate the highest common divisor of r and 4.
4
Let o(d) = -9*d - 3. Let l be o(-3). Let y = 42 - 12. Suppose 2*u = 7*u - y. Calculate the greatest common factor of l and u.
6
Let a(k) = -26*k + 2. Let d be a(-3). Calculate the greatest common divisor of d and 10.
10
Suppose -2*s + 111 = -85. Let o be 6*(2 + 5/(-3)). Let y(a) = 3*a**3 - 4*a**2 + 3*a. Let q be y(o). Calculate the highest common divisor of s and q.
14
Let f be 4/((-4)/3) - -23. Let m(q) = -q**3 - q**2 - 2*q + 100. Let o be m(0). Calculate the greatest common divisor of f and o.
20
Let w(s) = -s**3 - 3*s**2 + s + 5. Let o be w(-5). Calculate the highest common divisor of o and 20.
10
Let b = -8 - -9. Let y be 5 + (-2 + 5 - b). What is the greatest common factor of 21 and y?
7
Suppose v + t = 2*v - 2, -4*v = -5*t - 3. Suppose -19 + v = -4*q. Suppose -240 = -i - q*i. What is the highest common divisor of 12 and i?
12
Let o(w) = w + 18. Let j(l) = -l - 19. Let s(n) = 5*j(n) + 6*o(n). Let c be s(-9). What is the greatest common divisor of c and 16?
4
Let g(w) = -w**2 + 18*w + 10. Let q be g(10). What is the greatest common factor of q and 225?
45
Suppose 20 = 5*a - 0*a. Calculate the greatest common factor of a and 10.
2
Suppose 1 = -3*g + 118. Calculate the greatest common divisor of 13 and g.
13
Suppose -f = 4*i + 18, -5*i - 14 = -5*f + 21. Calculate the greatest common factor of f and 6.
2
Let q = 44 + -25. Let l = q - 4. What is the highest common divisor of l and 15?
15
Let v be (-2)/(-5) - (-23)/5. Let n = -61 + 87. Let s = n + 9. Calculate the greatest common divisor of v and s.
5
Let o = 32 + -16. Let a be (-3)/(-9) + o/6. Suppose a*n - 68 = 148. What is the highest common divisor of n and 9?
9
Let b be 4/24 + (-118)/(-12). Let u(n) = 12*n + 8. Suppose -l = -8 + 2. Let f be u(l). What is the greatest common factor of f and b?
10
Let r(u) = u + 6. Let l be r(-9). Let x be (-2 + 0)/(1/l). What is the highest common factor of x and 1?
1
Let d be (144/15)/(3 - 135/50). What is the highest common factor of d and 288?
32
Let z = -3 + -37. Let j be (-15)/10*z/6. Let x be (0 - -2)*-1 - -42. What is the greatest common factor of j and x?
10
Suppose 2*i - 7 = -t + 6*i, -5*t + 5*i + 5 = 0. Let w = t + 5. Let s = -51 - -61. Calculate the highest common divisor of s and w.
2
Let r be 2/(-4)*12*-6. Suppose 0 = y - 3*l - 9, 0*y = 4*y - 3*l - r. Calculate the highest common factor of y and 18.
9
Suppose 2*z - 60 - 28 = 0. Suppose 5*m = -2*x + 22, 2*x - 44 = -2*x - 2*m. What is the highest common divisor of z and x?
11
Let g be ((-30)/3)/((-3)/(-3)). Let d = g - -18. Calculate the greatest common factor of 8 and d.
8
Let u(g) = 7*g - 9. Let s(h) = -h**3 - h + 12. Let i be s(0). Let m be u(i). Calculate the greatest common divisor of 30 and m.
15
Suppose -i = -s - 3*i + 14, 2*i - 2 = 2*s. Suppose -2*v = -4*v + s. Let m = v - 1. What is the greatest common factor of m and 2?
1
Let t be 2696/56 - 2/14. Calculate the greatest common divisor of t and 6.
6
Let p = 20 - 12. What is the highest common divisor of 88 and p?
8
Let p(d) = -72*d. Let s be p(-1). What is the highest common factor of 18 and s?
18
Let v be (-2 - (3 + -1))*-1. Suppose 3*o = -v*a + 20 + 15, 2*a - 11 = -o. Suppose 0 = 2*w + 5 - o. What is the highest common factor of 10 and w?
2
Let n(k) = -k**3 + 4*k**2 + 11*k - 2. Let x be n(5). What is the greatest common factor of x and 42?
14
Let w be 2 + (814 - (-4 - -2)). Suppose -5*l = 3*f - 506, 0*f + 2*l - w = -5*f. Let c be ((-18)/(-4))/(4/16). What is the greatest common divisor of f and c?
18
Suppose -2*v = -0*v - 4*d, 5*v + 4*d = 0. Suppose -2*x + v = -2. Calculate the highest common divisor of x and 11.
1
Suppose 44*i - 50*i = -66. Suppose -3*u + 140 = 4*r - 83, 0 = 2*u + 5*r - 144. Calculate the greatest common factor of i and u.
11
Suppose -4*q + 3*a = 0, 0 = 7*a - 3*a. Suppose k = -y + 38, q*k + k = y + 32. What is the greatest common divisor of 7 and k?
7
Suppose -5*i - 2*m = -274, i - 3*m + 4*m = 56. What is the greatest common factor of 27 and i?
27
Let x = 70 + -20. Suppose 2*u - 7 = 3*a - 57, -a - 5*u + 45 = 0. What is the greatest common divisor of x and a?
10
Let k be (5 + -2 - 0)*-1. Let x(t) = 2*t**2 + t + 3. Let o be x(k). What is the highest common factor of 3 and o?
3
Let p be 12*((-7)/(-3) - 2). Suppose 130 = 5*j + 2*u, j - p*u = 2*j - 8. Calculate the highest common factor of j and 42.
14
Suppose -2 = 2*w + 48. Suppose -5 = i + 10. Let a = i - w. Calculate the highest common factor of 110 and a.
10
Suppose 17 = 5*d - 23. What is the greatest common divisor of d and 2?
2
Suppose 7*i - 2*i = -20. Let j be (15 - 0) + (-4)/i. What is the highest common factor of 4 and j?
4
Let o = -21 + 29. What is the highest common factor of o and 1?
1
Let l = -30 - -16. Let w be l*(-3)/12*6. Calculate the highest common divisor of w and 168.
21
Suppose 0 = 3*b - 13 - 23. Suppose -5*x = -2*x. Suppose 0*q + q - 60 = x. Calculate the highest common divisor of b and q.
12
Suppose u - 2*d + 3*d = 8, -5*u + 50 = -5*d. Let b = 15 - u. What is the greatest common factor of 12 and b?
6
Suppose h - 16 = p - 3*p, -9 = -3*p. What is the highest common divisor of 50 and h?
10
Suppose -5*h = -3*v - 1 - 0, 2*v = 6. Let g be (4 + 1)/(h + -1). What is the greatest common factor of g and 15?
5
Suppose -35*z + 39*z - 256 = 0. What is the greatest common factor of 32 and